{"id":82,"date":"2024-10-01T01:24:59","date_gmt":"2024-10-01T01:24:59","guid":{"rendered":"https:\/\/0863127.techinfo-cstj.ca\/?page_id=82"},"modified":"2024-10-01T02:13:26","modified_gmt":"2024-10-01T02:13:26","slug":"pramedicine","status":"publish","type":"page","link":"https:\/\/0863127.techinfo-cstj.ca\/index.php\/pramedicine\/","title":{"rendered":"Pram\u00e9dicine communautaire"},"content":{"rendered":"<p><span style=\"color: #000000;\"><strong>\u00ab\u00a0La param\u00e9dicine communautaire au Qu\u00e9bec fait r\u00e9f\u00e9rence \u00e0 un mod\u00e8le de soins de sant\u00e9 qui int\u00e8gre des param\u00e9dics dans la communaut\u00e9 pour fournir des services de sant\u00e9 pr\u00e9ventifs et d&rsquo;urgence. Ces professionnels travaillent en \u00e9troite collaboration avec les \u00e9quipes de sant\u00e9 locales pour r\u00e9pondre aux besoins de la population, am\u00e9liorer l&rsquo;acc\u00e8s aux soins et r\u00e9duire la pression sur les urgences hospitali\u00e8res. Leur r\u00f4le inclut \u00e9galement l&rsquo;\u00e9ducation \u00e0 la sant\u00e9 et la gestion des cas pour des patients ayant des besoins sp\u00e9cifiques.\u00a0\u00bb<\/strong><\/span><br \/>\n<span style=\"color: #000000;\"><strong>R\u00e9gion en d\u00e9ploiement du Service :<\/strong><\/span><\/p>\n<ul>\n<li><span style=\"color: #000000;\"><strong>Mont\u00e9r\u00e9gie<\/strong><\/span><\/li>\n<li><span style=\"color: #000000;\"><strong>Bas- Saint- Laurent<\/strong><\/span><\/li>\n<\/ul>\n<p><img loading=\"lazy\" decoding=\"async\" class=\" wp-image-92 alignright\" src=\"https:\/\/0863127.techinfo-cstj.ca\/wp-content\/uploads\/2024\/10\/Paramedics1_020-300x198.jpg\" alt=\"\" width=\"488\" height=\"322\" srcset=\"https:\/\/0863127.techinfo-cstj.ca\/wp-content\/uploads\/2024\/10\/Paramedics1_020-300x198.jpg 300w, https:\/\/0863127.techinfo-cstj.ca\/wp-content\/uploads\/2024\/10\/Paramedics1_020-1024x675.jpg 1024w, https:\/\/0863127.techinfo-cstj.ca\/wp-content\/uploads\/2024\/10\/Paramedics1_020-768x506.jpg 768w, https:\/\/0863127.techinfo-cstj.ca\/wp-content\/uploads\/2024\/10\/Paramedics1_020-1536x1012.jpg 1536w, https:\/\/0863127.techinfo-cstj.ca\/wp-content\/uploads\/2024\/10\/Paramedics1_020-180x120.jpg 180w, https:\/\/0863127.techinfo-cstj.ca\/wp-content\/uploads\/2024\/10\/Paramedics1_020.jpg 1600w\" sizes=\"auto, (max-width: 488px) 100vw, 488px\" \/><\/p>\n","protected":false},"excerpt":{"rendered":"<p>\u00ab\u00a0La param\u00e9dicine communautaire au Qu\u00e9bec fait r\u00e9f\u00e9rence \u00e0 un mod\u00e8le de soins de sant\u00e9 qui int\u00e8gre des param\u00e9dics dans la communaut\u00e9 pour fournir des services de sant\u00e9 pr\u00e9ventifs et d&rsquo;urgence. Ces professionnels travaillent en \u00e9troite<span class=\"more-button\"><a href=\"https:\/\/0863127.techinfo-cstj.ca\/index.php\/pramedicine\/\" class=\"more-link\">Lire la suite<span class=\"screen-reader-text\">Pram\u00e9dicine communautaire<\/span><i class=\"fa fa-angle-right\" aria-hidden=\"true\"><\/i><\/a><\/span><\/p>\n","protected":false},"author":1,"featured_media":0,"parent":0,"menu_order":0,"comment_status":"closed","ping_status":"closed","template":"","meta":{"footnotes":""},"class_list":["post-82","page","type-page","status-publish","hentry"],"_links":{"self":[{"href":"https:\/\/0863127.techinfo-cstj.ca\/index.php\/wp-json\/wp\/v2\/pages\/82","targetHints":{"allow":["GET"]}}],"collection":[{"href":"https:\/\/0863127.techinfo-cstj.ca\/index.php\/wp-json\/wp\/v2\/pages"}],"about":[{"href":"https:\/\/0863127.techinfo-cstj.ca\/index.php\/wp-json\/wp\/v2\/types\/page"}],"author":[{"embeddable":true,"href":"https:\/\/0863127.techinfo-cstj.ca\/index.php\/wp-json\/wp\/v2\/users\/1"}],"replies":[{"embeddable":true,"href":"https:\/\/0863127.techinfo-cstj.ca\/index.php\/wp-json\/wp\/v2\/comments?post=82"}],"version-history":[{"count":4,"href":"https:\/\/0863127.techinfo-cstj.ca\/index.php\/wp-json\/wp\/v2\/pages\/82\/revisions"}],"predecessor-version":[{"id":115,"href":"https:\/\/0863127.techinfo-cstj.ca\/index.php\/wp-json\/wp\/v2\/pages\/82\/revisions\/115"}],"wp:attachment":[{"href":"https:\/\/0863127.techinfo-cstj.ca\/index.php\/wp-json\/wp\/v2\/media?parent=82"}],"curies":[{"name":"wp","href":"https:\/\/api.w.org\/{rel}","templated":true}]}}